{"id":218,"date":"2014-07-29T15:16:28","date_gmt":"2014-07-29T15:16:28","guid":{"rendered":"http:\/\/aztlanfund.org.mx\/\/?page_id=218"},"modified":"2014-07-29T15:16:28","modified_gmt":"2014-07-29T15:16:28","slug":"colaboradores","status":"publish","type":"page","link":"https:\/\/aztlanfund.org.mx\/index.php\/colaboradores\/","title":{"rendered":"Colaboradores"},"content":{"rendered":"<h2 style=\"margin-bottom: 0cm;\"><\/h2>\n<h2 style=\"margin-bottom: 0cm;\">Contamos con un equipo de expertos en distintas \u00e1reas:<\/h2>\n<p>&nbsp;<\/p>\n<ul>\n<li>Dr. Andy Javier Correa Montejo, administrador e historiador<\/li>\n<\/ul>\n<ul>\n<li>Tom\u00e1s Villa C\u00f3rdova, antrop\u00f3logo<\/li>\n<\/ul>\n<ul>\n<li>Mtro. Erick A. Correa Montejo, economista e historiador<\/li>\n<\/ul>\n<ul>\n<li>Armando Ruiz Aguilar, etnohistoriador<\/li>\n<\/ul>\n<ul>\n<li>Faustino A. Aquino S\u00e1nchez, historiador<\/li>\n<\/ul>\n<h1 style=\"margin-bottom: 0cm;\"><span lang=\"en-US\"><i><b><br \/>\nContributors: <\/b><\/i><\/span><\/h1>\n<p>&nbsp;<\/p>\n<p>We have a team of experts in different areas:<\/p>\n<p>&nbsp;<\/p>\n<ul>\n<li><i>Dr. Andy Javier Correa Montejo<\/i><\/li>\n<\/ul>\n<ul>\n<li><i>Tom\u00e1s Villa C\u00f3rdova, anthropologist<\/i><\/li>\n<\/ul>\n<ul>\n<li><i>Mtro. Erick A. Correa Montejo<\/i><\/li>\n<\/ul>\n<ul>\n<li><i>Armando Ruiz Aguilar, ethnohistorian<\/i><\/li>\n<\/ul>\n<ul>\n<li><i>Faustino A. Aquino S\u00e1nchez, historian<\/i><\/li>\n<\/ul>\n","protected":false},"excerpt":{"rendered":"<p>Contamos con un equipo de expertos en distintas \u00e1reas: &nbsp; Dr. Andy Javier Correa Montejo, administrador e historiador Tom\u00e1s Villa C\u00f3rdova, antrop\u00f3logo Mtro. Erick A. Correa Montejo, economista e historiador&#8230; <a class=\"continue-reading-link\" href=\"https:\/\/aztlanfund.org.mx\/index.php\/colaboradores\/\">Saber m\u00e1s&#8230;<\/a><\/p>\n","protected":false},"author":2,"featured_media":0,"parent":0,"menu_order":0,"comment_status":"closed","ping_status":"closed","template":"","meta":{"footnotes":""},"class_list":["post-218","page","type-page","status-publish","hentry"],"_links":{"self":[{"href":"https:\/\/aztlanfund.org.mx\/index.php\/wp-json\/wp\/v2\/pages\/218","targetHints":{"allow":["GET"]}}],"collection":[{"href":"https:\/\/aztlanfund.org.mx\/index.php\/wp-json\/wp\/v2\/pages"}],"about":[{"href":"https:\/\/aztlanfund.org.mx\/index.php\/wp-json\/wp\/v2\/types\/page"}],"author":[{"embeddable":true,"href":"https:\/\/aztlanfund.org.mx\/index.php\/wp-json\/wp\/v2\/users\/2"}],"replies":[{"embeddable":true,"href":"https:\/\/aztlanfund.org.mx\/index.php\/wp-json\/wp\/v2\/comments?post=218"}],"version-history":[{"count":0,"href":"https:\/\/aztlanfund.org.mx\/index.php\/wp-json\/wp\/v2\/pages\/218\/revisions"}],"wp:attachment":[{"href":"https:\/\/aztlanfund.org.mx\/index.php\/wp-json\/wp\/v2\/media?parent=218"}],"curies":[{"name":"wp","href":"https:\/\/api.w.org\/{rel}","templated":true}]}}